{"id":10617,"date":"2024-08-21T01:37:42","date_gmt":"2024-08-20T22:37:42","guid":{"rendered":"https:\/\/nedir.az\/adinin-menasi-nedir\/?page_id=10617"},"modified":"2024-08-21T01:37:42","modified_gmt":"2024-08-20T22:37:42","slug":"m%c9%99nb%c9%99-source","status":"publish","type":"page","link":"https:\/\/nedir.az\/adinin-menasi-nedir\/m%c9%99nb%c9%99-source\/","title":{"rendered":"M\u0259nb\u0259 &#8211; Source"},"content":{"rendered":"<p><span style=\"font-size: 11px;\"> M\u0259nb\u0259:<\/p>\n<p>Az\u0259rbaycan dilinin izahl\u0131 l\u00fc\u011f\u0259ti [M\u0259tn]: IV-cildd\u0259. ABC\u00c7D I cild \/red. \u018f. Orucov; t\u0259rtib\u00e7il\u0259r: \u018f. Orucov, B. Abdullayev, N. R\u0259himzad\u0259; n\u0259\u015fr\u0259 haz., t\u0259kmill\u0259\u015fdir\u0259n, \u00f6n s\u00f6z\u00fcn m\u00fc\u0259llifi v\u0259 red. A. Axundov; AMEA, N\u0259simi ad\u0131na Dil\u00e7ilik \u0130nstitutu.- B.: \u015e\u0259rq-Q\u0259rb, 2006.- 744 s.<\/p>\n<p>Az\u0259rbaycan dilinin izahl\u0131 l\u00fc\u011f\u0259ti [M\u0259tn]: IV-cildd\u0259 E\u018fFGHX\u0130JK II cild \/red. \u018f. Orucov; t\u0259rtib\u00e7il\u0259r. \u018f. Orucov, B. Abdullayev, N. R\u0259himzad\u0259; n\u0259\u015fr\u0259 haz., t\u0259kmill\u0259\u015fdir\u0259n, \u00f6n s\u00f6z\u00fcn m\u00fc\u0259llifi v\u0259 red. A. Axundov; AMEA, N\u0259simi ad\u0131na Dil\u00e7ilik \u0130nstitutu B.: \u015e\u0259rq-Q\u0259rb, 2006. 792 s<\/p>\n<p>Az\u0259rbaycan dilinin izahl\u0131 l\u00fc\u011f\u0259ti [M\u0259tn]: IV-cildd\u0259 QLMNO\u00d6PR III cild \/red. \u018f. Orucov; t\u0259rtib\u00e7il\u0259r. \u018f. Orucov, B. Abdullayev, N. R\u0259himzad\u0259; n\u0259\u015fr\u0259 haz., t\u0259kmill\u0259\u015fdir\u0259n, \u00f6n s\u00f6z\u00fcn m\u00fc\u0259llifi v\u0259 red. A. Axundov; AMEA, N\u0259simi ad\u0131na Dil\u00e7ilik \u0130nstitutu.- B.: \u015e\u0259rq-Q\u0259rb, 2006. 672 s.<\/p>\n<p>Az\u0259rbaycan dilinin izahl\u0131 l\u00fc\u011f\u0259ti [M\u0259tn]: IV-cildd\u0259 S\u015eTU\u00dcVYZ [M\u0259tn] IV cild \/Red. \u018f.Orucov; T\u0259rtib\u00e7il\u0259r. \u018f.Orucov, B.Abdullayev, N.R\u0259himzad\u0259; N\u0259\u015fr\u0259 haz., t\u0259kmill\u0259\u015fdir\u0259n, \u00f6n s\u00f6z\u00fcn m\u00fc\u0259llifi v\u0259 red. A.Axundov; Az\u0259rbaycan Milli Elml\u0259r Akademiyas\u0131 N\u0259simi ad\u0131na Dil\u00e7ilik \u0130nstitutu<\/p>\n<p>Azleks.az &#8211; &#8220;Azleks&#8221; l\u00fc\u011f\u0259tl\u0259ri &#8211; Altun Kitab<\/p>\n<p>Ayd\u0131n Pa\u015fayev, Alim\u0259 B\u0259\u015firova. Az\u0259rbaycan \u015f\u0259xs adlar\u0131n\u0131n izahl\u0131 l\u00fc\u011f\u0259ti. Bak\u0131: M\u00fct\u0259rcim, 2011<\/p>\n<p>Az\u0259rbaycan Sovet Ensiklopediyas\u0131 (10 cildd\u0259). Bak\u0131, Az\u0259rbaycan SSR D\u00f6vl\u0259t n\u0259\u015friyyat\u0131. 1976-1987<\/p>\n<p>Bready, Richard. Encarta World English Dictionary. [Software] s.l. : Microsoft, 1998. T\u00fcrk\u00e7e S\u00f6zl\u00fck.<\/p>\n<p>Axundov, A\u011famusa. Az\u0259rbaycan Dilinin Orfoqrafiya L\u00fc\u011f\u0259ti. Bak\u0131 : Lider N\u0259\u015friyyat, 2004. p. 728. ISBN 9952-417-00-2.<\/p>\n<p>Soukhanov, Anne H. The American Heritage Dictionary of the English Language. 3rd Edition. s.l. : Houghton Mifflin Harcourt, 1992. p. 2140.<\/p>\n<p><\/span><\/p>\n","protected":false},"excerpt":{"rendered":"<p>M\u0259nb\u0259: Az\u0259rbaycan dilinin izahl\u0131 l\u00fc\u011f\u0259ti [M\u0259tn]: IV-cildd\u0259. ABC\u00c7D I cild \/red. \u018f. Orucov; t\u0259rtib\u00e7il\u0259r: \u018f. Orucov, B. Abdullayev, N. R\u0259himzad\u0259; n\u0259\u015fr\u0259 haz., t\u0259kmill\u0259\u015fdir\u0259n, \u00f6n s\u00f6z\u00fcn m\u00fc\u0259llifi v\u0259 red. A. Axundov; AMEA, N\u0259simi ad\u0131na Dil\u00e7ilik \u0130nstitutu.- B.: \u015e\u0259rq-Q\u0259rb, 2006.- 744 s. Az\u0259rbaycan dilinin izahl\u0131 l\u00fc\u011f\u0259ti [M\u0259tn]: IV-cildd\u0259 E\u018fFGHX\u0130JK II cild \/red. \u018f. Orucov; t\u0259rtib\u00e7il\u0259r. \u018f. Orucov, &#8230; <a title=\"M\u0259nb\u0259 &#8211; Source\" class=\"read-more\" href=\"https:\/\/nedir.az\/adinin-menasi-nedir\/m%c9%99nb%c9%99-source\/\" aria-label=\"Read more about M\u0259nb\u0259 &#8211; Source\">Read more<\/a><\/p>\n","protected":false},"author":1,"featured_media":0,"parent":0,"menu_order":0,"comment_status":"closed","ping_status":"closed","template":"","meta":{"footnotes":""},"class_list":["post-10617","page","type-page","status-publish"],"aioseo_notices":[],"_links":{"self":[{"href":"https:\/\/nedir.az\/adinin-menasi-nedir\/wp-json\/wp\/v2\/pages\/10617","targetHints":{"allow":["GET"]}}],"collection":[{"href":"https:\/\/nedir.az\/adinin-menasi-nedir\/wp-json\/wp\/v2\/pages"}],"about":[{"href":"https:\/\/nedir.az\/adinin-menasi-nedir\/wp-json\/wp\/v2\/types\/page"}],"author":[{"embeddable":true,"href":"https:\/\/nedir.az\/adinin-menasi-nedir\/wp-json\/wp\/v2\/users\/1"}],"replies":[{"embeddable":true,"href":"https:\/\/nedir.az\/adinin-menasi-nedir\/wp-json\/wp\/v2\/comments?post=10617"}],"version-history":[{"count":1,"href":"https:\/\/nedir.az\/adinin-menasi-nedir\/wp-json\/wp\/v2\/pages\/10617\/revisions"}],"predecessor-version":[{"id":10618,"href":"https:\/\/nedir.az\/adinin-menasi-nedir\/wp-json\/wp\/v2\/pages\/10617\/revisions\/10618"}],"wp:attachment":[{"href":"https:\/\/nedir.az\/adinin-menasi-nedir\/wp-json\/wp\/v2\/media?parent=10617"}],"curies":[{"name":"wp","href":"https:\/\/api.w.org\/{rel}","templated":true}]}}